{"id":5568,"date":"2024-06-17T15:01:58","date_gmt":"2024-06-17T13:01:58","guid":{"rendered":"https:\/\/cfai-bziv.ch\/?post_type=portfolio&#038;p=5568"},"modified":"2024-06-17T15:01:58","modified_gmt":"2024-06-17T13:01:58","slug":"was-tun-wenn-ein-e-teilnehmer-in-waehrend-des-kurses-computerprobleme-hat","status":"publish","type":"portfolio","link":"https:\/\/cfai-bziv.ch\/de\/faq\/was-tun-wenn-ein-e-teilnehmer-in-waehrend-des-kurses-computerprobleme-hat\/","title":{"rendered":"Was tun, wenn ein\/e Teilnehmer\/in w\u00e4hrend des Kurses Computerprobleme hat?"},"content":{"rendered":"<p>Ihn\/sie bitten, sich an die IT-Abteilung seiner\/ihrer IV-Stelle\/Firma zu wenden, um das Problem zu beheben. Bei Teilnehmenden, die ihr privates Ger\u00e4t verwenden, sind sie selbst daf\u00fcr verantwortlich, eine L\u00f6sung zu finden. Es ist nicht Aufgabe der Kursleitenden, IT-Probleme zu l\u00f6sen.<\/p>\n","protected":false},"excerpt":{"rendered":"<p>Ihn\/sie bitten, sich an die IT-Abteilung seiner\/ihrer IV-Stelle\/Firma zu wenden, um das Problem zu beheben. Bei Teilnehmenden, die ihr privates [&hellip;]<\/p>\n","protected":false},"author":6,"featured_media":0,"parent":0,"menu_order":0,"comment_status":"open","ping_status":"open","template":"","meta":{"footnotes":""},"portfolio_category":[82],"class_list":["post-5568","portfolio","type-portfolio","status-publish","hentry","portfolio_category-ausbilder-ausbilderin"],"yoast_head":"<!-- This site is optimized with the Yoast SEO plugin v27.5 - https:\/\/yoast.com\/product\/yoast-seo-wordpress\/ -->\n<title>Was tun, wenn ein\/e Teilnehmer\/in w\u00e4hrend des Kurses Computerprobleme hat? - Centre de formation AI<\/title>\n<meta name=\"robots\" content=\"noindex, follow\" \/>\n<meta property=\"og:locale\" content=\"de_DE\" \/>\n<meta property=\"og:type\" content=\"article\" \/>\n<meta property=\"og:title\" content=\"Was tun, wenn ein\/e Teilnehmer\/in w\u00e4hrend des Kurses Computerprobleme hat? - Centre de formation AI\" \/>\n<meta property=\"og:description\" content=\"Ihn\/sie bitten, sich an die IT-Abteilung seiner\/ihrer IV-Stelle\/Firma zu wenden, um das Problem zu beheben. Bei Teilnehmenden, die ihr privates [&hellip;]\" \/>\n<meta property=\"og:url\" content=\"https:\/\/cfai-bziv.ch\/de\/faq\/was-tun-wenn-ein-e-teilnehmer-in-waehrend-des-kurses-computerprobleme-hat\/\" \/>\n<meta property=\"og:site_name\" content=\"Centre de formation AI\" \/>\n<meta name=\"twitter:card\" content=\"summary_large_image\" \/>\n<meta name=\"twitter:label1\" content=\"Gesch\u00e4tzte Lesezeit\" \/>\n\t<meta name=\"twitter:data1\" content=\"1\u00a0Minute\" \/>\n<script type=\"application\/ld+json\" class=\"yoast-schema-graph\">{\"@context\":\"https:\\\/\\\/schema.org\",\"@graph\":[{\"@type\":\"WebPage\",\"@id\":\"https:\\\/\\\/cfai-bziv.ch\\\/de\\\/faq\\\/was-tun-wenn-ein-e-teilnehmer-in-waehrend-des-kurses-computerprobleme-hat\\\/\",\"url\":\"https:\\\/\\\/cfai-bziv.ch\\\/de\\\/faq\\\/was-tun-wenn-ein-e-teilnehmer-in-waehrend-des-kurses-computerprobleme-hat\\\/\",\"name\":\"Was tun, wenn ein\\\/e Teilnehmer\\\/in w\u00e4hrend des Kurses Computerprobleme hat? - Centre de formation AI\",\"isPartOf\":{\"@id\":\"https:\\\/\\\/cfai-bziv.ch\\\/de\\\/#website\"},\"datePublished\":\"2024-06-17T13:01:58+00:00\",\"breadcrumb\":{\"@id\":\"https:\\\/\\\/cfai-bziv.ch\\\/de\\\/faq\\\/was-tun-wenn-ein-e-teilnehmer-in-waehrend-des-kurses-computerprobleme-hat\\\/#breadcrumb\"},\"inLanguage\":\"de\",\"potentialAction\":[{\"@type\":\"ReadAction\",\"target\":[\"https:\\\/\\\/cfai-bziv.ch\\\/de\\\/faq\\\/was-tun-wenn-ein-e-teilnehmer-in-waehrend-des-kurses-computerprobleme-hat\\\/\"]}]},{\"@type\":\"BreadcrumbList\",\"@id\":\"https:\\\/\\\/cfai-bziv.ch\\\/de\\\/faq\\\/was-tun-wenn-ein-e-teilnehmer-in-waehrend-des-kurses-computerprobleme-hat\\\/#breadcrumb\",\"itemListElement\":[{\"@type\":\"ListItem\",\"position\":1,\"name\":\"Accueil\",\"item\":\"https:\\\/\\\/cfai-bziv.ch\\\/de\\\/\"},{\"@type\":\"ListItem\",\"position\":2,\"name\":\"Faq\",\"item\":\"https:\\\/\\\/cfai-bziv.ch\\\/de\\\/faq\\\/\"},{\"@type\":\"ListItem\",\"position\":3,\"name\":\"Was tun, wenn ein\\\/e Teilnehmer\\\/in w\u00e4hrend des Kurses Computerprobleme hat?\"}]},{\"@type\":\"WebSite\",\"@id\":\"https:\\\/\\\/cfai-bziv.ch\\\/de\\\/#website\",\"url\":\"https:\\\/\\\/cfai-bziv.ch\\\/de\\\/\",\"name\":\"Centre de formation AI\",\"description\":\"CFAI - BZIV\",\"potentialAction\":[{\"@type\":\"SearchAction\",\"target\":{\"@type\":\"EntryPoint\",\"urlTemplate\":\"https:\\\/\\\/cfai-bziv.ch\\\/de\\\/?s={search_term_string}\"},\"query-input\":{\"@type\":\"PropertyValueSpecification\",\"valueRequired\":true,\"valueName\":\"search_term_string\"}}],\"inLanguage\":\"de\"}]}<\/script>\n<!-- \/ Yoast SEO plugin. -->","yoast_head_json":{"title":"Was tun, wenn ein\/e Teilnehmer\/in w\u00e4hrend des Kurses Computerprobleme hat? - Centre de formation AI","robots":{"index":"noindex","follow":"follow"},"og_locale":"de_DE","og_type":"article","og_title":"Was tun, wenn ein\/e Teilnehmer\/in w\u00e4hrend des Kurses Computerprobleme hat? - Centre de formation AI","og_description":"Ihn\/sie bitten, sich an die IT-Abteilung seiner\/ihrer IV-Stelle\/Firma zu wenden, um das Problem zu beheben. Bei Teilnehmenden, die ihr privates [&hellip;]","og_url":"https:\/\/cfai-bziv.ch\/de\/faq\/was-tun-wenn-ein-e-teilnehmer-in-waehrend-des-kurses-computerprobleme-hat\/","og_site_name":"Centre de formation AI","twitter_card":"summary_large_image","twitter_misc":{"Gesch\u00e4tzte Lesezeit":"1\u00a0Minute"},"schema":{"@context":"https:\/\/schema.org","@graph":[{"@type":"WebPage","@id":"https:\/\/cfai-bziv.ch\/de\/faq\/was-tun-wenn-ein-e-teilnehmer-in-waehrend-des-kurses-computerprobleme-hat\/","url":"https:\/\/cfai-bziv.ch\/de\/faq\/was-tun-wenn-ein-e-teilnehmer-in-waehrend-des-kurses-computerprobleme-hat\/","name":"Was tun, wenn ein\/e Teilnehmer\/in w\u00e4hrend des Kurses Computerprobleme hat? - Centre de formation AI","isPartOf":{"@id":"https:\/\/cfai-bziv.ch\/de\/#website"},"datePublished":"2024-06-17T13:01:58+00:00","breadcrumb":{"@id":"https:\/\/cfai-bziv.ch\/de\/faq\/was-tun-wenn-ein-e-teilnehmer-in-waehrend-des-kurses-computerprobleme-hat\/#breadcrumb"},"inLanguage":"de","potentialAction":[{"@type":"ReadAction","target":["https:\/\/cfai-bziv.ch\/de\/faq\/was-tun-wenn-ein-e-teilnehmer-in-waehrend-des-kurses-computerprobleme-hat\/"]}]},{"@type":"BreadcrumbList","@id":"https:\/\/cfai-bziv.ch\/de\/faq\/was-tun-wenn-ein-e-teilnehmer-in-waehrend-des-kurses-computerprobleme-hat\/#breadcrumb","itemListElement":[{"@type":"ListItem","position":1,"name":"Accueil","item":"https:\/\/cfai-bziv.ch\/de\/"},{"@type":"ListItem","position":2,"name":"Faq","item":"https:\/\/cfai-bziv.ch\/de\/faq\/"},{"@type":"ListItem","position":3,"name":"Was tun, wenn ein\/e Teilnehmer\/in w\u00e4hrend des Kurses Computerprobleme hat?"}]},{"@type":"WebSite","@id":"https:\/\/cfai-bziv.ch\/de\/#website","url":"https:\/\/cfai-bziv.ch\/de\/","name":"Centre de formation AI","description":"CFAI - BZIV","potentialAction":[{"@type":"SearchAction","target":{"@type":"EntryPoint","urlTemplate":"https:\/\/cfai-bziv.ch\/de\/?s={search_term_string}"},"query-input":{"@type":"PropertyValueSpecification","valueRequired":true,"valueName":"search_term_string"}}],"inLanguage":"de"}]}},"_links":{"self":[{"href":"https:\/\/cfai-bziv.ch\/de\/wp-json\/wp\/v2\/portfolio\/5568","targetHints":{"allow":["GET"]}}],"collection":[{"href":"https:\/\/cfai-bziv.ch\/de\/wp-json\/wp\/v2\/portfolio"}],"about":[{"href":"https:\/\/cfai-bziv.ch\/de\/wp-json\/wp\/v2\/types\/portfolio"}],"author":[{"embeddable":true,"href":"https:\/\/cfai-bziv.ch\/de\/wp-json\/wp\/v2\/users\/6"}],"replies":[{"embeddable":true,"href":"https:\/\/cfai-bziv.ch\/de\/wp-json\/wp\/v2\/comments?post=5568"}],"version-history":[{"count":1,"href":"https:\/\/cfai-bziv.ch\/de\/wp-json\/wp\/v2\/portfolio\/5568\/revisions"}],"predecessor-version":[{"id":5569,"href":"https:\/\/cfai-bziv.ch\/de\/wp-json\/wp\/v2\/portfolio\/5568\/revisions\/5569"}],"wp:attachment":[{"href":"https:\/\/cfai-bziv.ch\/de\/wp-json\/wp\/v2\/media?parent=5568"}],"wp:term":[{"taxonomy":"portfolio_category","embeddable":true,"href":"https:\/\/cfai-bziv.ch\/de\/wp-json\/wp\/v2\/portfolio_category?post=5568"}],"curies":[{"name":"wp","href":"https:\/\/api.w.org\/{rel}","templated":true}]}}

Was tun, wenn ein/e Teilnehmer/in während des Kurses Computerprobleme hat?

<p>Ihn/sie bitten, sich an die IT-Abteilung seiner/ihrer IV-Stelle/Firma zu wenden, um das Problem zu beheben. Bei Teilnehmenden, die ihr privates Gerät verwenden, sind sie selbst dafür verantwortlich, eine Lösung zu finden. Es ist nicht Aufgabe der Kursleitenden, IT-Probleme zu lösen.</p>

<!-- This site is optimized with the Yoast SEO plugin v27.5 - https://yoast.com/product/yoast-seo-wordpress/ -->
<title>Was tun, wenn ein/e Teilnehmer/in während des Kurses Computerprobleme hat? - Centre de formation AI</title>
<meta name="robots" content="noindex, follow" />
<meta property="og:locale" content="de_DE" />
<meta property="og:type" content="article" />
<meta property="og:title" content="Was tun, wenn ein/e Teilnehmer/in während des Kurses Computerprobleme hat? - Centre de formation AI" />
<meta property="og:description" content="Ihn/sie bitten, sich an die IT-Abteilung seiner/ihrer IV-Stelle/Firma zu wenden, um das Problem zu beheben. Bei Teilnehmenden, die ihr privates [&hellip;]" />
<meta property="og:url" content="https://cfai-bziv.ch/de/faq/was-tun-wenn-ein-e-teilnehmer-in-waehrend-des-kurses-computerprobleme-hat/" />
<meta property="og:site_name" content="Centre de formation AI" />
<meta name="twitter:card" content="summary_large_image" />
<meta name="twitter:label1" content="Geschätzte Lesezeit" />
	<meta name="twitter:data1" content="1 Minute" />
<script type="application/ld+json" class="yoast-schema-graph">{"@context":"https:\/\/schema.org","@graph":[{"@type":"WebPage","@id":"https:\/\/cfai-bziv.ch\/de\/faq\/was-tun-wenn-ein-e-teilnehmer-in-waehrend-des-kurses-computerprobleme-hat\/","url":"https:\/\/cfai-bziv.ch\/de\/faq\/was-tun-wenn-ein-e-teilnehmer-in-waehrend-des-kurses-computerprobleme-hat\/","name":"Was tun, wenn ein\/e Teilnehmer\/in während des Kurses Computerprobleme hat? - Centre de formation AI","isPartOf":{"@id":"https:\/\/cfai-bziv.ch\/de\/#website"},"datePublished":"2024-06-17T13:01:58+00:00","breadcrumb":{"@id":"https:\/\/cfai-bziv.ch\/de\/faq\/was-tun-wenn-ein-e-teilnehmer-in-waehrend-des-kurses-computerprobleme-hat\/#breadcrumb"},"inLanguage":"de","potentialAction":[{"@type":"ReadAction","target":["https:\/\/cfai-bziv.ch\/de\/faq\/was-tun-wenn-ein-e-teilnehmer-in-waehrend-des-kurses-computerprobleme-hat\/"]}]},{"@type":"BreadcrumbList","@id":"https:\/\/cfai-bziv.ch\/de\/faq\/was-tun-wenn-ein-e-teilnehmer-in-waehrend-des-kurses-computerprobleme-hat\/#breadcrumb","itemListElement":[{"@type":"ListItem","position":1,"name":"Accueil","item":"https:\/\/cfai-bziv.ch\/de\/"},{"@type":"ListItem","position":2,"name":"Faq","item":"https:\/\/cfai-bziv.ch\/de\/faq\/"},{"@type":"ListItem","position":3,"name":"Was tun, wenn ein\/e Teilnehmer\/in während des Kurses Computerprobleme hat?"}]},{"@type":"WebSite","@id":"https:\/\/cfai-bziv.ch\/de\/#website","url":"https:\/\/cfai-bziv.ch\/de\/","name":"Centre de formation AI","description":"CFAI - BZIV","potentialAction":[{"@type":"SearchAction","target":{"@type":"EntryPoint","urlTemplate":"https:\/\/cfai-bziv.ch\/de\/?s={search_term_string}"},"query-input":{"@type":"PropertyValueSpecification","valueRequired":true,"valueName":"search_term_string"}}],"inLanguage":"de"}]}</script>
<!-- / Yoast SEO plugin. -->

Was tun, wenn ein/e Teilnehmer/in während des Kurses Computerprobleme hat? - Centre de formation AI
