{"id":5768,"date":"2025-01-16T15:53:34","date_gmt":"2025-01-16T14:53:34","guid":{"rendered":"https:\/\/cfai-bziv.ch\/?post_type=portfolio&#038;p=5768"},"modified":"2025-01-16T15:53:34","modified_gmt":"2025-01-16T14:53:34","slug":"warum-kann-ich-mich-nicht-anmelden-selbst-wenn-es-noch-freie-plaetze-hat","status":"publish","type":"portfolio","link":"https:\/\/cfai-bziv.ch\/de\/faq\/warum-kann-ich-mich-nicht-anmelden-selbst-wenn-es-noch-freie-plaetze-hat\/","title":{"rendered":"Warum kann ich mich nicht anmelden, selbst wenn es noch freie Pl\u00e4tze hat?"},"content":{"rendered":"<p>Unterschiedliche Gr\u00fcnde kann es daf\u00fcr geben:<\/p>\n<ul>\n<li>Dies kann passieren, wenn Sie f\u00fcr denselben Kurs schon einmal angemeldet waren. Wir sind dabei eine L\u00f6sung zu suchen. Bitte schreiben Sie an info@cfai-bziv.ch<\/li>\n<li>Es gibt ein Kontingent pro IV-Stelle\/Firma und dieses ist \u00fcberschritten. Bitte schreiben Sie an info@cfai-bziv.ch<\/li>\n<li>Sie m\u00f6chten sich f\u00fcr einen externen Kurs anmelden und sind interner Mitarbeitende\/r, leider ist eine Anmeldung nicht m\u00f6glich<\/li>\n<li>Sie m\u00f6chten sich f\u00fcr einen den IV-Stellen reservierten Kurs anmelden und haben ein externes Profil. Leider ist eine Anmeldung nicht m\u00f6glich<\/li>\n<\/ul>\n","protected":false},"excerpt":{"rendered":"<p>Unterschiedliche Gr\u00fcnde kann es daf\u00fcr geben: Dies kann passieren, wenn Sie f\u00fcr denselben Kurs schon einmal angemeldet waren. Wir sind [&hellip;]<\/p>\n","protected":false},"author":6,"featured_media":0,"parent":0,"menu_order":0,"comment_status":"open","ping_status":"open","template":"","meta":{"footnotes":""},"portfolio_category":[79,75],"class_list":["post-5768","portfolio","type-portfolio","status-publish","hentry","portfolio_category-ausbildungsangebot-anmeldung","portfolio_category-kursverwaltungsplattform-login-profil"],"yoast_head":"<!-- This site is optimized with the Yoast SEO plugin v27.5 - https:\/\/yoast.com\/product\/yoast-seo-wordpress\/ -->\n<title>Warum kann ich mich nicht anmelden, selbst wenn es noch freie Pl\u00e4tze hat? - Centre de formation AI<\/title>\n<meta name=\"robots\" content=\"noindex, follow\" \/>\n<meta property=\"og:locale\" content=\"de_DE\" \/>\n<meta property=\"og:type\" content=\"article\" \/>\n<meta property=\"og:title\" content=\"Warum kann ich mich nicht anmelden, selbst wenn es noch freie Pl\u00e4tze hat? - Centre de formation AI\" \/>\n<meta property=\"og:description\" content=\"Unterschiedliche Gr\u00fcnde kann es daf\u00fcr geben: Dies kann passieren, wenn Sie f\u00fcr denselben Kurs schon einmal angemeldet waren. Wir sind [&hellip;]\" \/>\n<meta property=\"og:url\" content=\"https:\/\/cfai-bziv.ch\/de\/faq\/warum-kann-ich-mich-nicht-anmelden-selbst-wenn-es-noch-freie-plaetze-hat\/\" \/>\n<meta property=\"og:site_name\" content=\"Centre de formation AI\" \/>\n<meta name=\"twitter:card\" content=\"summary_large_image\" \/>\n<meta name=\"twitter:label1\" content=\"Gesch\u00e4tzte Lesezeit\" \/>\n\t<meta name=\"twitter:data1\" content=\"1\u00a0Minute\" \/>\n<script type=\"application\/ld+json\" class=\"yoast-schema-graph\">{\"@context\":\"https:\\\/\\\/schema.org\",\"@graph\":[{\"@type\":\"WebPage\",\"@id\":\"https:\\\/\\\/cfai-bziv.ch\\\/de\\\/faq\\\/warum-kann-ich-mich-nicht-anmelden-selbst-wenn-es-noch-freie-plaetze-hat\\\/\",\"url\":\"https:\\\/\\\/cfai-bziv.ch\\\/de\\\/faq\\\/warum-kann-ich-mich-nicht-anmelden-selbst-wenn-es-noch-freie-plaetze-hat\\\/\",\"name\":\"Warum kann ich mich nicht anmelden, selbst wenn es noch freie Pl\u00e4tze hat? - Centre de formation AI\",\"isPartOf\":{\"@id\":\"https:\\\/\\\/cfai-bziv.ch\\\/de\\\/#website\"},\"datePublished\":\"2025-01-16T14:53:34+00:00\",\"breadcrumb\":{\"@id\":\"https:\\\/\\\/cfai-bziv.ch\\\/de\\\/faq\\\/warum-kann-ich-mich-nicht-anmelden-selbst-wenn-es-noch-freie-plaetze-hat\\\/#breadcrumb\"},\"inLanguage\":\"de\",\"potentialAction\":[{\"@type\":\"ReadAction\",\"target\":[\"https:\\\/\\\/cfai-bziv.ch\\\/de\\\/faq\\\/warum-kann-ich-mich-nicht-anmelden-selbst-wenn-es-noch-freie-plaetze-hat\\\/\"]}]},{\"@type\":\"BreadcrumbList\",\"@id\":\"https:\\\/\\\/cfai-bziv.ch\\\/de\\\/faq\\\/warum-kann-ich-mich-nicht-anmelden-selbst-wenn-es-noch-freie-plaetze-hat\\\/#breadcrumb\",\"itemListElement\":[{\"@type\":\"ListItem\",\"position\":1,\"name\":\"Accueil\",\"item\":\"https:\\\/\\\/cfai-bziv.ch\\\/de\\\/\"},{\"@type\":\"ListItem\",\"position\":2,\"name\":\"Faq\",\"item\":\"https:\\\/\\\/cfai-bziv.ch\\\/de\\\/faq\\\/\"},{\"@type\":\"ListItem\",\"position\":3,\"name\":\"Warum kann ich mich nicht anmelden, selbst wenn es noch freie Pl\u00e4tze hat?\"}]},{\"@type\":\"WebSite\",\"@id\":\"https:\\\/\\\/cfai-bziv.ch\\\/de\\\/#website\",\"url\":\"https:\\\/\\\/cfai-bziv.ch\\\/de\\\/\",\"name\":\"Centre de formation AI\",\"description\":\"CFAI - BZIV\",\"potentialAction\":[{\"@type\":\"SearchAction\",\"target\":{\"@type\":\"EntryPoint\",\"urlTemplate\":\"https:\\\/\\\/cfai-bziv.ch\\\/de\\\/?s={search_term_string}\"},\"query-input\":{\"@type\":\"PropertyValueSpecification\",\"valueRequired\":true,\"valueName\":\"search_term_string\"}}],\"inLanguage\":\"de\"}]}<\/script>\n<!-- \/ Yoast SEO plugin. -->","yoast_head_json":{"title":"Warum kann ich mich nicht anmelden, selbst wenn es noch freie Pl\u00e4tze hat? - Centre de formation AI","robots":{"index":"noindex","follow":"follow"},"og_locale":"de_DE","og_type":"article","og_title":"Warum kann ich mich nicht anmelden, selbst wenn es noch freie Pl\u00e4tze hat? - Centre de formation AI","og_description":"Unterschiedliche Gr\u00fcnde kann es daf\u00fcr geben: Dies kann passieren, wenn Sie f\u00fcr denselben Kurs schon einmal angemeldet waren. Wir sind [&hellip;]","og_url":"https:\/\/cfai-bziv.ch\/de\/faq\/warum-kann-ich-mich-nicht-anmelden-selbst-wenn-es-noch-freie-plaetze-hat\/","og_site_name":"Centre de formation AI","twitter_card":"summary_large_image","twitter_misc":{"Gesch\u00e4tzte Lesezeit":"1\u00a0Minute"},"schema":{"@context":"https:\/\/schema.org","@graph":[{"@type":"WebPage","@id":"https:\/\/cfai-bziv.ch\/de\/faq\/warum-kann-ich-mich-nicht-anmelden-selbst-wenn-es-noch-freie-plaetze-hat\/","url":"https:\/\/cfai-bziv.ch\/de\/faq\/warum-kann-ich-mich-nicht-anmelden-selbst-wenn-es-noch-freie-plaetze-hat\/","name":"Warum kann ich mich nicht anmelden, selbst wenn es noch freie Pl\u00e4tze hat? - Centre de formation AI","isPartOf":{"@id":"https:\/\/cfai-bziv.ch\/de\/#website"},"datePublished":"2025-01-16T14:53:34+00:00","breadcrumb":{"@id":"https:\/\/cfai-bziv.ch\/de\/faq\/warum-kann-ich-mich-nicht-anmelden-selbst-wenn-es-noch-freie-plaetze-hat\/#breadcrumb"},"inLanguage":"de","potentialAction":[{"@type":"ReadAction","target":["https:\/\/cfai-bziv.ch\/de\/faq\/warum-kann-ich-mich-nicht-anmelden-selbst-wenn-es-noch-freie-plaetze-hat\/"]}]},{"@type":"BreadcrumbList","@id":"https:\/\/cfai-bziv.ch\/de\/faq\/warum-kann-ich-mich-nicht-anmelden-selbst-wenn-es-noch-freie-plaetze-hat\/#breadcrumb","itemListElement":[{"@type":"ListItem","position":1,"name":"Accueil","item":"https:\/\/cfai-bziv.ch\/de\/"},{"@type":"ListItem","position":2,"name":"Faq","item":"https:\/\/cfai-bziv.ch\/de\/faq\/"},{"@type":"ListItem","position":3,"name":"Warum kann ich mich nicht anmelden, selbst wenn es noch freie Pl\u00e4tze hat?"}]},{"@type":"WebSite","@id":"https:\/\/cfai-bziv.ch\/de\/#website","url":"https:\/\/cfai-bziv.ch\/de\/","name":"Centre de formation AI","description":"CFAI - BZIV","potentialAction":[{"@type":"SearchAction","target":{"@type":"EntryPoint","urlTemplate":"https:\/\/cfai-bziv.ch\/de\/?s={search_term_string}"},"query-input":{"@type":"PropertyValueSpecification","valueRequired":true,"valueName":"search_term_string"}}],"inLanguage":"de"}]}},"_links":{"self":[{"href":"https:\/\/cfai-bziv.ch\/de\/wp-json\/wp\/v2\/portfolio\/5768","targetHints":{"allow":["GET"]}}],"collection":[{"href":"https:\/\/cfai-bziv.ch\/de\/wp-json\/wp\/v2\/portfolio"}],"about":[{"href":"https:\/\/cfai-bziv.ch\/de\/wp-json\/wp\/v2\/types\/portfolio"}],"author":[{"embeddable":true,"href":"https:\/\/cfai-bziv.ch\/de\/wp-json\/wp\/v2\/users\/6"}],"replies":[{"embeddable":true,"href":"https:\/\/cfai-bziv.ch\/de\/wp-json\/wp\/v2\/comments?post=5768"}],"version-history":[{"count":1,"href":"https:\/\/cfai-bziv.ch\/de\/wp-json\/wp\/v2\/portfolio\/5768\/revisions"}],"predecessor-version":[{"id":5769,"href":"https:\/\/cfai-bziv.ch\/de\/wp-json\/wp\/v2\/portfolio\/5768\/revisions\/5769"}],"wp:attachment":[{"href":"https:\/\/cfai-bziv.ch\/de\/wp-json\/wp\/v2\/media?parent=5768"}],"wp:term":[{"taxonomy":"portfolio_category","embeddable":true,"href":"https:\/\/cfai-bziv.ch\/de\/wp-json\/wp\/v2\/portfolio_category?post=5768"}],"curies":[{"name":"wp","href":"https:\/\/api.w.org\/{rel}","templated":true}]}}

Warum kann ich mich nicht anmelden, selbst wenn es noch freie Plätze hat?

<p>Unterschiedliche Gründe kann es dafür geben:</p>
<ul>
<li>Dies kann passieren, wenn Sie für denselben Kurs schon einmal angemeldet waren. Wir sind dabei eine Lösung zu suchen. Bitte schreiben Sie an info@cfai-bziv.ch</li>
<li>Es gibt ein Kontingent pro IV-Stelle/Firma und dieses ist überschritten. Bitte schreiben Sie an info@cfai-bziv.ch</li>
<li>Sie möchten sich für einen externen Kurs anmelden und sind interner Mitarbeitende/r, leider ist eine Anmeldung nicht möglich</li>
<li>Sie möchten sich für einen den IV-Stellen reservierten Kurs anmelden und haben ein externes Profil. Leider ist eine Anmeldung nicht möglich</li>
</ul>

<p>Unterschiedliche Gründe kann es dafür geben: Dies kann passieren, wenn Sie für denselben Kurs schon einmal angemeldet waren. Wir sind [&hellip;]</p>

<!-- This site is optimized with the Yoast SEO plugin v27.5 - https://yoast.com/product/yoast-seo-wordpress/ -->
<title>Warum kann ich mich nicht anmelden, selbst wenn es noch freie Plätze hat? - Centre de formation AI</title>
<meta name="robots" content="noindex, follow" />
<meta property="og:locale" content="de_DE" />
<meta property="og:type" content="article" />
<meta property="og:title" content="Warum kann ich mich nicht anmelden, selbst wenn es noch freie Plätze hat? - Centre de formation AI" />
<meta property="og:description" content="Unterschiedliche Gründe kann es dafür geben: Dies kann passieren, wenn Sie für denselben Kurs schon einmal angemeldet waren. Wir sind [&hellip;]" />
<meta property="og:url" content="https://cfai-bziv.ch/de/faq/warum-kann-ich-mich-nicht-anmelden-selbst-wenn-es-noch-freie-plaetze-hat/" />
<meta property="og:site_name" content="Centre de formation AI" />
<meta name="twitter:card" content="summary_large_image" />
<meta name="twitter:label1" content="Geschätzte Lesezeit" />
	<meta name="twitter:data1" content="1 Minute" />
<script type="application/ld+json" class="yoast-schema-graph">{"@context":"https:\/\/schema.org","@graph":[{"@type":"WebPage","@id":"https:\/\/cfai-bziv.ch\/de\/faq\/warum-kann-ich-mich-nicht-anmelden-selbst-wenn-es-noch-freie-plaetze-hat\/","url":"https:\/\/cfai-bziv.ch\/de\/faq\/warum-kann-ich-mich-nicht-anmelden-selbst-wenn-es-noch-freie-plaetze-hat\/","name":"Warum kann ich mich nicht anmelden, selbst wenn es noch freie Plätze hat? - Centre de formation AI","isPartOf":{"@id":"https:\/\/cfai-bziv.ch\/de\/#website"},"datePublished":"2025-01-16T14:53:34+00:00","breadcrumb":{"@id":"https:\/\/cfai-bziv.ch\/de\/faq\/warum-kann-ich-mich-nicht-anmelden-selbst-wenn-es-noch-freie-plaetze-hat\/#breadcrumb"},"inLanguage":"de","potentialAction":[{"@type":"ReadAction","target":["https:\/\/cfai-bziv.ch\/de\/faq\/warum-kann-ich-mich-nicht-anmelden-selbst-wenn-es-noch-freie-plaetze-hat\/"]}]},{"@type":"BreadcrumbList","@id":"https:\/\/cfai-bziv.ch\/de\/faq\/warum-kann-ich-mich-nicht-anmelden-selbst-wenn-es-noch-freie-plaetze-hat\/#breadcrumb","itemListElement":[{"@type":"ListItem","position":1,"name":"Accueil","item":"https:\/\/cfai-bziv.ch\/de\/"},{"@type":"ListItem","position":2,"name":"Faq","item":"https:\/\/cfai-bziv.ch\/de\/faq\/"},{"@type":"ListItem","position":3,"name":"Warum kann ich mich nicht anmelden, selbst wenn es noch freie Plätze hat?"}]},{"@type":"WebSite","@id":"https:\/\/cfai-bziv.ch\/de\/#website","url":"https:\/\/cfai-bziv.ch\/de\/","name":"Centre de formation AI","description":"CFAI - BZIV","potentialAction":[{"@type":"SearchAction","target":{"@type":"EntryPoint","urlTemplate":"https:\/\/cfai-bziv.ch\/de\/?s={search_term_string}"},"query-input":{"@type":"PropertyValueSpecification","valueRequired":true,"valueName":"search_term_string"}}],"inLanguage":"de"}]}</script>
<!-- / Yoast SEO plugin. -->

Warum kann ich mich nicht anmelden, selbst wenn es noch freie Plätze hat? - Centre de formation AI

Unterschiedliche Gründe kann es dafür geben: Dies kann passieren, wenn Sie für denselben Kurs schon einmal angemeldet waren. Wir sind [&hellip;]
